{"id":11,"date":"2023-10-18T08:56:53","date_gmt":"2023-10-18T06:56:53","guid":{"rendered":"https:\/\/shop.birkenhof-neetze.de\/index.php\/warenkorb\/"},"modified":"2025-04-02T12:54:41","modified_gmt":"2025-04-02T10:54:41","slug":"warenkorb","status":"publish","type":"page","link":"https:\/\/bikeho.de\/index.php\/warenkorb\/","title":{"rendered":"Warenkorb"},"content":{"rendered":"<div>\n<p><a href=\"https:\/\/bikeho.de\/index.php\/produkt-kategorie\/holzspielzeug\/\"><strong>Holzspielzeug<\/strong><\/a><\/p>\n<ul>\n<li><a href=\"https:\/\/bikeho.de\/index.php\/produkt-kategorie\/holzspielzeug\/baukloetze\/\">Baukl\u00f6tze<\/a><\/li>\n<li><a href=\"https:\/\/bikeho.de\/index.php\/produkt-kategorie\/holzspielzeug\/spielwelten\/\">Spielwelten<\/a><\/li>\n<li><a href=\"https:\/\/bikeho.de\/index.php\/produkt-kategorie\/holzspielzeug\/behausungen\/\">Behausungen<\/a><\/li>\n<li><a href=\"https:\/\/bikeho.de\/index.php\/produkt-kategorie\/holzspielzeug\/kleine-haeuser\/\">Kleine H\u00e4user<\/a><\/li>\n<li><a href=\"https:\/\/bikeho.de\/index.php\/produkt-kategorie\/holzspielzeug\/bruecken_und_tore\/\">Br\u00fccken und Tore<\/a><\/li>\n<li><a href=\"https:\/\/bikeho.de\/index.php\/produkt-kategorie\/holzspielzeug\/baeume\/\">B\u00e4ume<\/a><\/li>\n<li><a href=\"https:\/\/bikeho.de\/index.php\/produkt-kategorie\/holzspielzeug\/verschiedenes\/\">Verschiedenes<\/a><\/li>\n<li><a href=\"https:\/\/bikeho.de\/index.php\/produkt-kategorie\/holzspielzeug\/spielklammer\/\">Spielklammer<\/a><\/li>\n<\/ul>\n<p><a href=\"https:\/\/bikeho.de\/index.php\/produkt-kategorie\/kunsthandwerkliches\/\"><strong>Kunsthandwerkliches<\/strong><\/a><\/p>\n<p><a href=\"https:\/\/bikeho.de\/index.php\/produkt-kategorie\/kleiderbuegelhaken\/\"><strong>Kleiderb\u00fcgelhaken<\/strong><\/a><\/p>\n<p><a href=\"https:\/\/bikeho.de\/index.php\/produkt-kategorie\/sale\/\"><strong>Sale %<\/strong><\/a><\/p>\n<p><a href=\"https:\/\/bikeho.de\/index.php\/produkt-kategorie\/textilien\/\"><strong>Textilien<\/strong><\/a><\/p>\n<ul>\n<li><a href=\"https:\/\/bikeho.de\/index.php\/produkt-kategorie\/textilien\/geschirrhandtuecher\/\">Geschirrhandt\u00fccher<\/a><\/li>\n<li><a href=\"https:\/\/bikeho.de\/index.php\/produkt-kategorie\/textilien\/sitzkissen\/\">Sitzkissen<\/a><\/li>\n<li><a href=\"https:\/\/bikeho.de\/index.php\/produkt-kategorie\/textilien\/lesekissen\/\">Lesekissen<\/a><\/li>\n<li><a href=\"https:\/\/bikeho.de\/index.php\/produkt-kategorie\/textilien\/schals\/\">Schals<\/a><\/li>\n<\/ul>\n<\/div>\n<h2>Warenkorb<\/h2>\n<h3>Geben Sie unseren sch\u00f6nen Produkten einen Korb.<\/h3>\n<p><br \/>\n<!--more--><br \/>\n<!-- {\"type\":\"layout\",\"children\":[{\"type\":\"section\",\"props\":{\"image_position\":\"center-center\",\"style\":\"default\",\"title_breakpoint\":\"xl\",\"title_position\":\"top-left\",\"title_rotation\":\"left\",\"vertical_align\":\"\",\"width\":\"default\"},\"children\":[{\"type\":\"row\",\"children\":[{\"type\":\"column\",\"props\":{\"image_position\":\"center-center\",\"position_sticky_breakpoint\":\"m\",\"width_medium\":\"1-4\"},\"children\":[{\"type\":\"search\",\"props\":{\"search_icon\":\"right\",\"search_size\":\"small\"},\"name\":\"Suche\"},{\"type\":\"text\",\"props\":{\"class\":\"prosidebar\",\"column_breakpoint\":\"m\",\"content\":\"\n\n<p><a href=\\\"https:\\\/\\\/bikeho.de\\\/index.php\\\/produkt-kategorie\\\/holzspielzeug\\\/\\\"><strong>Holzspielzeug<\\\/strong><\\\/a><\\\/p>\\n\n\n<ul>\\n\n\n<li><a href=\\\"https:\\\/\\\/bikeho.de\\\/index.php\\\/produkt-kategorie\\\/holzspielzeug\\\/baukloetze\\\/\\\">Baukl\\u00f6tze<\\\/a><\\\/li>\\n\n\n<li><a href=\\\"https:\\\/\\\/bikeho.de\\\/index.php\\\/produkt-kategorie\\\/holzspielzeug\\\/spielwelten\\\/\\\">Spielwelten<\\\/a><\\\/li>\\n\n\n<li><a href=\\\"https:\\\/\\\/bikeho.de\\\/index.php\\\/produkt-kategorie\\\/holzspielzeug\\\/behausungen\\\/\\\">Behausungen<\\\/a><\\\/li>\\n\n\n<li><a href=\\\"https:\\\/\\\/bikeho.de\\\/index.php\\\/produkt-kategorie\\\/holzspielzeug\\\/kleine-haeuser\\\/\\\">Kleine H\\u00e4user<\\\/a><\\\/li>\\n\n\n<li><a href=\\\"https:\\\/\\\/bikeho.de\\\/index.php\\\/produkt-kategorie\\\/holzspielzeug\\\/bruecken_und_tore\\\/\\\">Br\\u00fccken und Tore<\\\/a><\\\/li>\\n\n\n<li><a href=\\\"https:\\\/\\\/bikeho.de\\\/index.php\\\/produkt-kategorie\\\/holzspielzeug\\\/baeume\\\/\\\">B\\u00e4ume<\\\/a><\\\/li>\\n\n\n<li><a href=\\\"https:\\\/\\\/bikeho.de\\\/index.php\\\/produkt-kategorie\\\/holzspielzeug\\\/verschiedenes\\\/\\\">Verschiedenes<\\\/a><\\\/li>\\n\n\n<li><a href=\\\"https:\\\/\\\/bikeho.de\\\/index.php\\\/produkt-kategorie\\\/holzspielzeug\\\/spielklammer\\\/\\\">Spielklammer<\\\/a><\\\/li>\\n<\\\/ul>\\n\n\n<p><a href=\\\"https:\\\/\\\/bikeho.de\\\/index.php\\\/produkt-kategorie\\\/kunsthandwerkliches\\\/\\\"><strong>Kunsthandwerkliches<\\\/strong><\\\/a><\\\/p>\\n\n\n<p><a href=\\\"https:\\\/\\\/bikeho.de\\\/index.php\\\/produkt-kategorie\\\/kleiderbuegelhaken\\\/\\\"><strong>Kleiderb\\u00fcgelhaken<\\\/strong><\\\/a><\\\/p>\\n\n\n<p><a href=\\\"https:\\\/\\\/bikeho.de\\\/index.php\\\/produkt-kategorie\\\/sale\\\/\\\"><strong>Sale %<\\\/strong><\\\/a><\\\/p>\\n\n\n<p><a href=\\\"https:\\\/\\\/bikeho.de\\\/index.php\\\/produkt-kategorie\\\/textilien\\\/\\\"><strong>Textilien<\\\/strong><\\\/a><\\\/p>\\n\n\n<ul>\\n\n\n<li><a href=\\\"https:\\\/\\\/bikeho.de\\\/index.php\\\/produkt-kategorie\\\/textilien\\\/geschirrhandtuecher\\\/\\\">Geschirrhandt\\u00fccher<\\\/a><\\\/li>\\n\n\n<li><a href=\\\"https:\\\/\\\/bikeho.de\\\/index.php\\\/produkt-kategorie\\\/textilien\\\/sitzkissen\\\/\\\">Sitzkissen<\\\/a><\\\/li>\\n\n\n<li><a href=\\\"https:\\\/\\\/bikeho.de\\\/index.php\\\/produkt-kategorie\\\/textilien\\\/lesekissen\\\/\\\">Lesekissen<\\\/a><\\\/li>\\n\n\n<li><a href=\\\"https:\\\/\\\/bikeho.de\\\/index.php\\\/produkt-kategorie\\\/textilien\\\/schals\\\/\\\">Schals<\\\/a><\\\/li>\\n<\\\/ul>\",\"margin\":\"default\"},\"name\":\"Sidenavi\"}]},{\"type\":\"column\",\"props\":{\"image_position\":\"center-center\",\"position_sticky_breakpoint\":\"m\",\"width_medium\":\"3-4\"},\"children\":[{\"type\":\"breadcrumbs\",\"props\":{\"margin_remove_top\":false,\"show_current\":true,\"show_home\":true}},{\"type\":\"headline\",\"props\":{\"content\":\"Warenkorb\",\"margin\":\"small\",\"title_element\":\"h2\",\"title_style\":\"h2\"}},{\"type\":\"headline\",\"props\":{\"class\":\"greener\",\"content\":\"Geben Sie unseren sch\\u00f6nen Produkten einen Korb.\",\"margin_remove_top\":true,\"title_element\":\"h3\",\"title_style\":\"h3\"}},{\"type\":\"woo_pages\",\"props\":{\"page\":\"cart\"}}]}],\"props\":{\"layout\":\"1-4,3-4\"}}],\"name\":\"Header - Warenkorb\"}],\"version\":\"4.5.12\"} --><\/p>\n","protected":false},"excerpt":{"rendered":"<p>Holzspielzeug Baukl\u00f6tze Spielwelten Behausungen Kleine H\u00e4user Br\u00fccken und Tore B\u00e4ume Verschiedenes Spielklammer Kunsthandwerkliches Kleiderb\u00fcgelhaken Sale % Textilien Geschirrhandt\u00fccher Sitzkissen Lesekissen Schals Warenkorb Geben Sie unseren sch\u00f6nen Produkten einen Korb.<\/p>\n","protected":false},"author":1,"featured_media":0,"parent":0,"menu_order":23,"comment_status":"closed","ping_status":"closed","template":"","meta":{"footnotes":""},"class_list":["post-11","page","type-page","status-publish","hentry"],"_links":{"self":[{"href":"https:\/\/bikeho.de\/index.php\/wp-json\/wp\/v2\/pages\/11","targetHints":{"allow":["GET"]}}],"collection":[{"href":"https:\/\/bikeho.de\/index.php\/wp-json\/wp\/v2\/pages"}],"about":[{"href":"https:\/\/bikeho.de\/index.php\/wp-json\/wp\/v2\/types\/page"}],"author":[{"embeddable":true,"href":"https:\/\/bikeho.de\/index.php\/wp-json\/wp\/v2\/users\/1"}],"replies":[{"embeddable":true,"href":"https:\/\/bikeho.de\/index.php\/wp-json\/wp\/v2\/comments?post=11"}],"version-history":[{"count":13,"href":"https:\/\/bikeho.de\/index.php\/wp-json\/wp\/v2\/pages\/11\/revisions"}],"predecessor-version":[{"id":7269,"href":"https:\/\/bikeho.de\/index.php\/wp-json\/wp\/v2\/pages\/11\/revisions\/7269"}],"wp:attachment":[{"href":"https:\/\/bikeho.de\/index.php\/wp-json\/wp\/v2\/media?parent=11"}],"curies":[{"name":"wp","href":"https:\/\/api.w.org\/{rel}","templated":true}]}}