{"id":6107,"date":"2023-02-16T10:00:41","date_gmt":"2023-02-16T09:00:41","guid":{"rendered":"https:\/\/shop.birkenhof-neetze.de\/?post_type=product&#038;p=6107"},"modified":"2025-12-10T16:11:01","modified_gmt":"2025-12-10T15:11:01","slug":"baumwoll-schal-dunkelblau","status":"publish","type":"product","link":"https:\/\/bikeho.de\/index.php\/produkt\/baumwoll-schal-dunkelblau\/","title":{"rendered":"Baumwoll-Schal, dunkelblau"},"content":{"rendered":"<p>Handgewebter Schal in leichter, geschmeidiger Qualit\u00e4t. Jeder Schal ist ein Unikat und wird durch die handgedrehten Fransen zu einem besonderen Kleidungst\u00fcck.<\/p>\n<p style=\"font-weight: 400;\"><strong>Pflegehinweise<\/strong>: Feinw\u00e4sche \/ Handw\u00e4sche. Vorsichtig schleudern, an der Luft trocknen. Kann bei Bedarf hei\u00df geb\u00fcgelt werden.<\/p>\n<p>&nbsp;<\/p>\n","protected":false},"excerpt":{"rendered":"<ul>\n<li><strong>Handgewebt (Kleinserie)<\/strong><\/li>\n<li><strong>100% Baumwolle (kbA)<\/strong><\/li>\n<li><strong>Individuelle Farbgebung<\/strong><\/li>\n<\/ul>\n","protected":false},"featured_media":6108,"comment_status":"open","ping_status":"closed","template":"","meta":[],"product_brand":[],"product_cat":[49,46],"product_tag":[260,144,145],"class_list":{"0":"post-6107","1":"product","2":"type-product","3":"status-publish","4":"has-post-thumbnail","6":"product_cat-schals","7":"product_cat-textilien","8":"product_tag-baumwoll-schal","9":"product_tag-schal","10":"product_tag-textil","11":"product_shipping_class-dhl-paket-bis-20-kg","12":"pa_herkunft-niedersachsen-deutschland","14":"first","15":"outofstock","16":"sold-individually","17":"taxable","18":"shipping-taxable","19":"purchasable","20":"product-type-simple"},"_links":{"self":[{"href":"https:\/\/bikeho.de\/index.php\/wp-json\/wp\/v2\/product\/6107","targetHints":{"allow":["GET"]}}],"collection":[{"href":"https:\/\/bikeho.de\/index.php\/wp-json\/wp\/v2\/product"}],"about":[{"href":"https:\/\/bikeho.de\/index.php\/wp-json\/wp\/v2\/types\/product"}],"replies":[{"embeddable":true,"href":"https:\/\/bikeho.de\/index.php\/wp-json\/wp\/v2\/comments?post=6107"}],"wp:featuredmedia":[{"embeddable":true,"href":"https:\/\/bikeho.de\/index.php\/wp-json\/wp\/v2\/media\/6108"}],"wp:attachment":[{"href":"https:\/\/bikeho.de\/index.php\/wp-json\/wp\/v2\/media?parent=6107"}],"wp:term":[{"taxonomy":"product_brand","embeddable":true,"href":"https:\/\/bikeho.de\/index.php\/wp-json\/wp\/v2\/product_brand?post=6107"},{"taxonomy":"product_cat","embeddable":true,"href":"https:\/\/bikeho.de\/index.php\/wp-json\/wp\/v2\/product_cat?post=6107"},{"taxonomy":"product_tag","embeddable":true,"href":"https:\/\/bikeho.de\/index.php\/wp-json\/wp\/v2\/product_tag?post=6107"}],"curies":[{"name":"wp","href":"https:\/\/api.w.org\/{rel}","templated":true}]}}