{"id":6412,"date":"2023-02-16T11:14:30","date_gmt":"2023-02-16T10:14:30","guid":{"rendered":"https:\/\/shop.birkenhof-neetze.de\/?post_type=product&#038;p=6412"},"modified":"2024-11-04T08:45:05","modified_gmt":"2024-11-04T07:45:05","slug":"chenille-schal-weiss-rosa","status":"publish","type":"product","link":"https:\/\/bikeho.de\/index.php\/produkt\/chenille-schal-weiss-rosa\/","title":{"rendered":"Chenille-Schal, wei\u00df-rosa"},"content":{"rendered":"<p>In Kleinserien gefertigter Schal aus 100 % Baumwolle (kbA). Durch das mitverarbeitete Chenillegarn ist der Schal weich und anschmiegsam. Der Schal ist gut geeignet f\u00fcr kalte Tage.<\/p>\n<p style=\"font-weight: 400;\"><strong>Pflegehinweise<\/strong>: Handw\u00e4sche, vorsichtig wringen, an der Luft trocknen, kann hei\u00df geb\u00fcgelt werden.<\/p>\n","protected":false},"excerpt":{"rendered":"<ul>\n<li><strong>Handgewebt (Kleinserie)<\/strong><\/li>\n<li><strong>100% Baumwolle (kbA)<\/strong><\/li>\n<li><strong>Individuelle Farbgebung <\/strong><\/li>\n<\/ul>\n","protected":false},"featured_media":6413,"comment_status":"open","ping_status":"closed","template":"","meta":[],"product_brand":[],"product_cat":[49,46],"product_tag":[],"class_list":{"0":"post-6412","1":"product","2":"type-product","3":"status-publish","4":"has-post-thumbnail","6":"product_cat-schals","7":"product_cat-textilien","8":"product_shipping_class-dhl-paket-bis-20-kg","10":"first","11":"instock","12":"sold-individually","13":"taxable","14":"shipping-taxable","15":"purchasable","16":"product-type-simple"},"_links":{"self":[{"href":"https:\/\/bikeho.de\/index.php\/wp-json\/wp\/v2\/product\/6412","targetHints":{"allow":["GET"]}}],"collection":[{"href":"https:\/\/bikeho.de\/index.php\/wp-json\/wp\/v2\/product"}],"about":[{"href":"https:\/\/bikeho.de\/index.php\/wp-json\/wp\/v2\/types\/product"}],"replies":[{"embeddable":true,"href":"https:\/\/bikeho.de\/index.php\/wp-json\/wp\/v2\/comments?post=6412"}],"wp:featuredmedia":[{"embeddable":true,"href":"https:\/\/bikeho.de\/index.php\/wp-json\/wp\/v2\/media\/6413"}],"wp:attachment":[{"href":"https:\/\/bikeho.de\/index.php\/wp-json\/wp\/v2\/media?parent=6412"}],"wp:term":[{"taxonomy":"product_brand","embeddable":true,"href":"https:\/\/bikeho.de\/index.php\/wp-json\/wp\/v2\/product_brand?post=6412"},{"taxonomy":"product_cat","embeddable":true,"href":"https:\/\/bikeho.de\/index.php\/wp-json\/wp\/v2\/product_cat?post=6412"},{"taxonomy":"product_tag","embeddable":true,"href":"https:\/\/bikeho.de\/index.php\/wp-json\/wp\/v2\/product_tag?post=6412"}],"curies":[{"name":"wp","href":"https:\/\/api.w.org\/{rel}","templated":true}]}}